276, -3*u - n = 0. Is y prime?
False
Let w = 556 - 15. Is w a composite number?
False
Suppose -5*d + 17236 = -7929. Is d a composite number?
True
Suppose 3*w = 2*w - 1. Let h be (w - 3)*(-1)/2. Let a(r) = 27*r**3 - r**2 - 1. Is a(h) a prime number?
True
Suppose q - 3*q - 9 = 5*k, -k = -3*q - 5. Is (-2 + 1)/((-10884)/(-5444) + q) composite?
False
Let p(i) = 10*i**2 - 9 + 0*i + 2*i - 2*i**3 + 3*i**3 + 2*i. Let b be p(-8). Suppose 2*q = k - b, -k + 53 = 3*q - 9. Is k a prime number?
False
Let g(l) = -l**3 - 7*l**2 - 5*l + 8. Let j be g(-6). Is -3 + 102/9*j*24 composite?
False
Let z(x) be the third derivative of -x**5/60 - x**4/12 + 335*x**3/6 - 4*x**2. Is z(0) a composite number?
True
Suppose d + 4 = -4*v, -v + 3*v = d - 2. Let o(h) = 683*h + 3. Let p(r) = 228*r + 1. Let t(z) = -4*o(z) + 11*p(z). Is t(v) a prime number?
True
Let d(s) = -s + 17. Let m be d(21). Is (m/(-22) + 6762/(-44))*-2 a prime number?
True
Let a(l) = 28*l**3 + 10*l**2 - 5*l + 4. Is a(7) a composite number?
True
Suppose 6*g - 28*g - 2640 = 0. Let p(s) = 23*s**2 - 1. Let z be p(-1). Let x = z - g. Is x composite?
True
Is ((-66514)/21)/((-12)/18) prime?
True
Let k be ((-6)/4)/(6/(-8)). Suppose s + k*j - 77 = 0, -4*j + 5*j = -2*s + 157. Is s a composite number?
False
Is 45831*8*8/192 composite?
False
Is (288552/16)/11 + (-2)/4 composite?
True
Let b = 5 - 5. Let j be -1 + 460 + 3 - b. Is j/(-9)*(-6)/4 prime?
False
Let x = -23 + 26. Is ((x - 3) + -29)*(6 + -23) a prime number?
False
Let x(u) = -1330*u + 7. Let g be x(1). Let n = g + 2030. Is n prime?
False
Let w = 75 - 65. Let o(x) = 3*x + 4. Is o(w) a composite number?
True
Let q be ((-1788)/(-8))/((-3)/(-4)). Suppose o + q = 3*o. Is o prime?
True
Suppose 0 = 5*g - 3*w - 9, 2*g + 2*w = -0*g + 10. Let t be g/(-1) - (0 + -4). Is (t/(-2))/(5/(-2510)) composite?
False
Is ((-5)/(-20))/((-2)/(-4))*7690 prime?
False
Suppose -5*a = 3*i + 25969 - 83519, 34541 = 3*a + 4*i. Is a prime?
False
Let j be (-2)/(4/11)*66. Let z = j + 877. Is z composite?
True
Suppose 0 = 2*g - 5*n - 66310 - 119234, 5*g - 463831 = -2*n. Is g a composite number?
False
Suppose -3*c = -k - 5*c - 17, 4*k - 3*c = -35. Let z = k + 11. Suppose z = 5*j - 684 - 1211. Is j a composite number?
False
Let g(y) = -y + 3. Let v be g(0). Suppose -717 = -2*o - i, -i + 358 = -v*o + 4*o. Let r = o + -81. Is r prime?
False
Let p(a) = a**2. Let d be p(1). Let j(w) = 6*w**3 - 2*w**2 + 1. Let b be j(d). Suppose -v + 181 = -b*f, -3*f - 339 = -5*v + 500. Is v prime?
False
Suppose 0 = -6*i + 9 - 21. Is 1808/8*i/(-4) a prime number?
True
Suppose 38*s = 40*s - 8. Suppose -131 - 9 = -2*g - m, s*m = -8. Is g a composite number?
False
Is (10/30)/(1/17337) a composite number?
False
Let j(o) = -o**2 + 3*o - 4. Let f be j(0). Let z be f + (2 - (-3 + 1)). Suppose z = -2*l - 3*l + 955. Is l prime?
True
Suppose 0 = 2*y + 3*y + 20. Is (-1)/y - 366/(-8) a prime number?
False
Suppose -215 - 298 = -a. Suppose -212 = -5*x + a. Is x a prime number?
False
Let x(u) = u**2 - 3*u + 4. Let p be x(3). Suppose 0*n + 1143 = p*y - n, -4*n - 568 = -2*y. Suppose -y + 841 = 3*v. Is v prime?
False
Let d be -3 - (55/15 + 4/(-6)). Is d + (-1820)/(-25) + 1/5 composite?
False
Suppose -m + 4*f = 2*m + 10, 2*f - 8 = 0. Suppose -z = 4*u + 2, 3*u = z + m - 7. Suppose 0 = -2*o + z + 28. Is o a composite number?
True
Suppose 17*c - 4*c - 9113 = 0. Is c a composite number?
False
Let m = 7765 - 5286. Is m a prime number?
False
Let v(s) = s**2 - 5*s + 2. Let o be v(2). Let w = -6 - o. Is (55/15)/(w/(-6)) prime?
True
Let u be (9/(-12))/((-3)/96). Let z = u - 28. Is 2*1*(-548)/z composite?
True
Let g be (-11 + 79)*6/4. Suppose 0 = -3*l - y + 1024, g - 789 = -2*l - 5*y. Is l a composite number?
True
Let w(i) = 3*i - 5. Let v be w(3). Suppose 0 = -0*a - v*a + 3508. Is a composite?
False
Suppose 4*m + 3 + 1 = 0. Let t(o) = -683*o**3 - 16*o**2 - o - 9*o**2 + 24*o**2. Is t(m) a composite number?
False
Let u be (2/3)/(-2 + 128/60). Is (348/(-15))/(138/30 - u) a prime number?
False
Let z = 16 + -29. Let f(a) = -24*a + 5. Is f(z) a composite number?
False
Suppose 5*t = -4*h + 27279, 3*h = -3*t + t + 20468. Is h a prime number?
False
Let v(z) = 17*z**2 + 13*z + 9. Is v(-10) composite?
False
Let c = -19 - -22. Suppose -103 - 164 = -5*i + 4*v, -c*i - 5*v + 175 = 0. Is i a prime number?
False
Let v = -59 - -64. Suppose 5*o - 3117 = -q, 290 = -v*o - 3*q + 3411. Is o a composite number?
True
Let k = 8691 - 4318. Is k a composite number?
False
Suppose -5*d - 125 = 545. Let w = 421 + d. Is w a prime number?
False
Suppose -60 = -60*g + 64*g. Is (-1164)/g - (-6)/(-10) composite?
True
Let t = -853 - -1847. Let c be 1/(t/(-331) + 3). Is c*-1*(4 + -3) a composite number?
False
Suppose -19*n + 1560 = -16*n. Suppose 4200 = 5*u + 3*z + n, -3*z - 2232 = -3*u. Is u a prime number?
True
Suppose 9*u + 676 = 5*u. Let x be (1 + 9)*(-102)/10. Let v = x - u. Is v a composite number?
False
Let m(y) be the first derivative of y**3/3 - 5*y**2/2 - 19*y - 33. Is m(-10) composite?
False
Let w be (-8)/(-3) + (-13)/(-39). Suppose 2*r = c + 1817, 3*r + c = -w*c + 2709. Is r a composite number?
False
Suppose -6*b + 51 = -3. Let r = -6 + b. Suppose -312 = -r*f + 90. Is f a prime number?
False
Suppose 8*j - 3*j - 14 = -2*h, 0 = 5*j + 4*h - 18. Suppose 1839 = j*n + 5*l, -l - 4 = -5*l. Is n composite?
True
Let s(q) = -64*q - 1. Let m be s(8). Let c be m/9*(-10)/6. Suppose 137 = 4*f - c. Is f a composite number?
True
Is 3444 + (4 - (6 + -7)) a composite number?
False
Is -6 + (6 - -2775) - 4 prime?
False
Let q be (3/(-1))/((-14)/546). Is (-4 - (-2)/1) + q a composite number?
True
Let o(a) = 5*a**2 - 11*a - 2. Let g be o(9). Suppose -w - g = -791. Is w a prime number?
True
Suppose -978 = -k + c + 427, -4*k + c = -5629. Suppose -5*x + x - k = 0. Let g = -225 - x. Is g composite?
False
Suppose 12 = 4*f - f. Is 150/f + 7/(-14) a prime number?
True
Suppose -5*x - 2*i + 4888 = 0, 5*x + 3*i - 4887 = -0*i. Suppose -6*c + 0*c = -x. Is c a composite number?
False
Suppose -3*h + 9 = -0*h. Let j be 0 + (3 - h) - -2. Suppose 3*x + 83 - 788 = -2*r, j*r = 0. Is x prime?
False
Is (-2*4/6)/((-4)/3606) a prime number?
False
Let i = 46 + -41. Suppose -2*x + 4*n = -3022, -2637 = -i*x - 5*n + 4843. Is x a composite number?
True
Let j(c) = 83*c**2 - 4*c - 5. Let g be j(-3). Let a = -125 + g. Is a a composite number?
True
Suppose 460 = 2*h + 3*k, -4*h - k = 3*k - 928. Let n = 609 + -434. Let v = h + n. Is v a prime number?
False
Let g(z) = -z**3 + 5*z**2 - 6*z + 2. Let d be g(2). Suppose -4*c - 3*a = -0*a - 376, -2*a - 105 = -c. Suppose -c = d*q - 339. Is q a prime number?
False
Let b = -10 - -10. Suppose b = -0*p - 4*p + 484. Is p composite?
True
Suppose d - 7 + 2 = 0. Suppose -2530 = -4*x + 3*q, 2*x - 5*q + 1883 = d*x. Is x composite?
False
Let w(b) = -7*b**3 + 24*b**2 - 7*b - 5. Is w(-6) a prime number?
False
Let t = -22 + 30. Let m be t/44 - 4134/(-11). Suppose 0*c + 2*c - m = -w, -5*c + 941 = 3*w. Is c a prime number?
False
Is (25025/(-28) + -8)*-4 prime?
True
Suppose 5*a + 101 - 56 = 0. Let v(h) = -4*h**3 - 10*h**2 + 21*h + 4. Is v(a) a prime number?
False
Let a(m) = 72*m - 7. Let h be a(4). Suppose -7 = 4*d + h. Let c = 139 + d. Is c a prime number?
True
Let m(u) = -108*u**3 - 4*u - 14. Is m(-4) a prime number?
False
Let z(t) = t**3 - 6*t**2 + t - 3. Let y be z(6). Suppose 4*s + 399 = 2*j - 561, y*s + 1425 = 3*j. Suppose -3*w + j + 1153 = 0. Is w composite?
False
Let h be 0/(-14) + 0 + 2. Suppose 0*b = 2*b - 8, -2*q - h*b = -306. Is q prime?
True
Suppose 2*y - 159173 = -5*y. Is y prime?
True
Let w(z) = -z**2 + 7*z - 3. Let c be w(6). Suppose -4*f - 6 = -0*g + 3*g, c*g - 3*f - 15 = 0. Is 83/g + 3/2 a composite number?
False
Let c(b) = -b - 1. Let n(r) = -44*r + 2. Let p(y) = 4*c(y) + n(y). Let u be p(-4). Is 27/(-36) + u/8 prime?
True
Suppose 0 = g - 3*g + 1634. Let k = -1283 + g. Let v = 797 + k. Is v a composite number?
False
Let f(i) = -20*i**2 + 2*i - 3. Let a(g) = 60*g**2 - 6*g + 9. Let x(m) = 3*a(m) + 8*f(m). Suppose -w + 4*k = w + 4, 8 = 2*w + 2*k. Is x(w) a composite number?
False
Let d(y) = -2*y - 21. Let p be d(0). Is 6/p - (-3807)/21 a prime number?
True
Let g be (30/(-25))/(4/(-10)). Suppose g*m - 8*m = 35. Let i = m + 33. Is i a prime number?
False
Suppose -2*t + 6*t = 48. Let s(k)